5*n + 4. Let r be a(5). What is the highest common factor of 44 and r?
4
Suppose 2*a + 440 = 6*a. Let p = -15 - -25. What is the greatest common factor of a and p?
10
Suppose 0 = 3*f + 11 - 2. Let s be 14/(-1)*9/(-6). Let k = s + f. Calculate the highest common factor of k and 27.
9
Let g(x) = -3*x - 2. Let n be g(-3). Let h be (-2)/n - (-8)/28. Let w be h - -16 - 0/(-1). Calculate the highest common divisor of w and 4.
4
Let f(o) = 27*o**2 + 2. Let n be f(2). Calculate the greatest common factor of 10 and n.
10
Let y(t) = t**2 + t - 5. Let i be 0 + 1 - 2 - -5. Let z be y(i). Let k = 30 - z. Calculate the highest common divisor of k and 6.
3
Suppose -4*o + 12 = -0*o. Suppose -15 = o*c, c - 2*c = -4*j + 113. Let h be (1/(-1))/((-1)/9). Calculate the highest common divisor of j and h.
9
Suppose 3*a + 114 - 309 = 0. What is the highest common factor of 26 and a?
13
Let g(y) = 2*y**2 + 9*y + 10. Let q be g(-6). Suppose 13 = -3*z + 34. Calculate the highest common factor of q and z.
7
Let c = 51 + 66. Let y = -34 + 23. Let i = y - -24. Calculate the greatest common factor of c and i.
13
Let o = 62 - 38. What is the greatest common divisor of o and 12?
12
Let h(i) = i**3 - 4*i**2 + 4*i + 4. Let u be 10/2 - (0 + 1). Let v be h(u). Let c = v - 8. What is the highest common divisor of 96 and c?
12
Suppose -4*p + 334 = -2*d + 76, -3*p + 188 = 4*d. Let v = -36 + 52. Calculate the highest common factor of v and p.
16
Suppose 103 = 2*t - 167. What is the greatest common divisor of 27 and t?
27
Let f be (-24)/10 + (-2)/(-5). Let p be -17*(1 + f)*1. What is the greatest common divisor of 170 and p?
17
Suppose -30*l + 231 = -129. Suppose -p + 2*w = -8, 14 = -p + 2*p + w. What is the greatest common factor of p and l?
12
Let m be (42/(-8))/(-7) - 61/(-4). Calculate the highest common divisor of 40 and m.
8
Let a be 5*(-2)/(-4)*2. Let w be (-3)/(-15) + 114/a. What is the greatest common factor of w and 230?
23
Let r(n) be the second derivative of -n**4/12 - 7*n**3/6 + n**2/2 - 2*n. Let k be r(-6). Calculate the highest common divisor of 56 and k.
7
Let g = -62 + 82. Calculate the greatest common factor of 220 and g.
20
Let y be (-8)/(-1 + 0 + 0). Let n = 2 - 6. Let c(a) = 4*a**2 - 2*a. Let g be c(n). What is the highest common divisor of y and g?
8
Let h(p) = 2*p**2 - 16*p - 15. Let z be h(13). Let o = -33 - -56. What is the greatest common factor of z and o?
23
Suppose -375 = -10*f + 225. What is the highest common divisor of f and 420?
60
Suppose -4*w + 396 = -2*v, -2*w - 4*v + 108 = -w. Let p = -2 - -5. Suppose 3*q = p*k - 69, 3*q = -5*k + q + 94. What is the highest common divisor of w and k?
20
Suppose -2*g + 60 = g. Suppose -2*k + k = -g. Calculate the highest common divisor of 220 and k.
20
Let f = 186 - 87. Let t be 3/9*78/2. Let l = t + -4. What is the highest common factor of f and l?
9
Let h(u) = u**2 - 9*u + 9. Suppose 0*m - 3*m = -27. Let v be h(m). What is the greatest common factor of v and 72?
9
Let y = -741 + 1473. Suppose 5*n - 279 = -2*a - 0*a, 0 = 5*a + n - y. Let c be ((-4)/6)/((-2)/a). Calculate the greatest common divisor of c and 7.
7
Suppose 4 = 3*q - s - 3, 5 = -5*s. Suppose 2*r - q - 2 = 0. Suppose -r = -v + 4. Calculate the greatest common divisor of 12 and v.
6
Suppose 0 = -2*v + 125 - 39. Suppose a = -j + 2 + 8, 4*a + 3*j - v = 0. What is the greatest common divisor of a and 13?
13
Let b be (9/15)/((-2)/(-10)). Suppose 2*k = -4*j, -4*j = -2*k - b*j + 10. Let s be 23/2 - 6/k. Calculate the highest common factor of s and 20.
10
Suppose 3*s = g - 5*g + 115, -s - 45 = -2*g. Let l(j) = -3*j - 3. Let q be l(4). Let a be (q/2)/(3/(-4)). Calculate the highest common divisor of g and a.
5
Let v(u) = 19*u**3 - 2*u**2 + 1. Let l be v(1). Suppose -2*c = -2*q + 246, -4*c - 366 = -3*q - 0*q. Calculate the greatest common divisor of q and l.
18
Let l(t) = -t**2 - 6*t - 2. Let q(n) = -n**2 - n - 4. Let b be q(0). Let v be l(b). Calculate the highest common divisor of v and 6.
6
Let j be (-30)/4*-2 + (-4 - -6). What is the greatest common factor of j and 221?
17
Suppose -4*f - i + 61 = 0, 2*f - 22 = -2*i + 10. What is the highest common divisor of f and 105?
15
Let b(z) = 5*z**2 - 2*z - 1. Let d be b(2). Suppose 0 = -2*u - 2*u. Suppose u = -3*m + d + 9. Calculate the highest common factor of m and 88.
8
Let z = -15 + 17. Calculate the greatest common factor of 14 and z.
2
Let l be -10*(-2 - (-8)/5). Let k = l + -3. Let i be 5 + (4/2)/k. Calculate the greatest common divisor of 35 and i.
7
Let k be 339/11 - 16/(-88). Suppose k = 4*g - 13. Calculate the greatest common divisor of g and 44.
11
Suppose 0 = 4*n + 4*y - 40, 4*n + 2*y = 5*y + 26. Suppose -n = -4*q + 76. Suppose 2*k + k = q. What is the highest common factor of 7 and k?
7
Suppose 0 = 5*u + 10, -54 = 4*i + 6*u - 3*u. Let q be (13/(-3) + 1)*i. What is the highest common divisor of q and 60?
20
Let g = 10 + -5. Suppose g*n + k - 4 = 0, n + 3*k + 3 = 1. What is the highest common divisor of n and 7?
1
Suppose -5*w + 6 = -4. Let g(j) = 2*j - 2. Let c be g(w). Suppose 3*h - 5*d - 36 = 0, -4*d + d = h + c. What is the highest common divisor of h and 14?
7
Let c(z) = z**2 - 10*z + 24. Let m be c(10). What is the highest common factor of 72 and m?
24
Let z = 37 - 27. Calculate the highest common factor of z and 2.
2
Suppose -5*w = -3*j + 101, j + 4*w + 4 = 32. Let q be (-2)/5 - (-42)/5. Calculate the highest common divisor of j and q.
8
Let x be (-128)/(-20) - (1 + (-6)/10). Calculate the highest common factor of 6 and x.
6
Let i(z) = z + 6. Let x be i(16). What is the greatest common factor of x and 2?
2
Suppose 3*x = -2*x + 855. What is the greatest common divisor of 19 and x?
19
Let t = 7 - -2. Calculate the greatest common factor of t and 36.
9
Suppose -7 - 133 = -5*r. Suppose 2*l - 9 = -1. Calculate the greatest common factor of r and l.
4
Suppose 3*h - 8*h = 0. Suppose -2*w - 10 = -h*w. Let a = w + 9. What is the highest common divisor of 4 and a?
4
Suppose -4*t = -20, -t + 219 = 4*j - 2*j. Suppose 37 = -5*k + j. Calculate the highest common divisor of k and 2.
2
Suppose -3*k = -2*n + 61, -n - 4*k = 4*n - 210. What is the highest common divisor of n and 304?
38
Suppose c - 2*b - 94 = 0, -c + 85 = -3*b - 8. Calculate the greatest common divisor of c and 24.
24
Let q(f) = 8 + 3*f**3 + 2*f**3 - 4*f**3 - 7*f**2. Let w be q(7). Calculate the highest common factor of w and 8.
8
Let f = -110 + 214. Let u be (-10)/14 + 6/(-21). Let p(o) = -14*o**3 - 2*o**2 + 1. Let l be p(u). Calculate the highest common factor of l and f.
13
Let a(t) = 4*t**3 + 2*t - 1. Let y be a(-3). Let w = y + 191. Suppose 20 - w = -4*k. Calculate the highest common factor of 14 and k.
14
Suppose -4*v - 416 = -3*i - i, 3*i - 314 = v. Let n be 71 + 0/1 - 1. Calculate the greatest common factor of i and n.
35
Suppose 2*p + 93 = 4*k + 305, -233 = -2*p - 3*k. Suppose 0 = -3*y - 3 + 6. Let f be 12 - (2 - 4/y). What is the greatest common divisor of p and f?
14
Suppose -5*r = -3*r. Let c(j) = j**2 + j + 20. Let n be c(r). Calculate the highest common divisor of 5 and n.
5
Let i = 56 + 6. Let l = -7 + i. Let r = 77 - 55. What is the highest common divisor of l and r?
11
Let b(z) = z + 42. Let n be b(0). Let x = 26 - 4. Suppose -5*i = -3*s + 37 + x, 0 = s + 5*i - 53. Calculate the greatest common divisor of n and s.
14
Let c be (-260)/(-16) - (-1)/(-4). Calculate the greatest common factor of 8 and c.
8
Let s(j) = -42*j - 3. Let t be s(-2). Suppose -12 = -3*g - 60. Let u = -7 - g. Calculate the greatest common factor of u and t.
9
Let h(g) = 5*g**3 + 1. Let j(p) = -6*p**2 - 7*p - p + 0*p**2 + 8 + p**3. Let a be j(7). Let t be h(a). What is the greatest common divisor of 4 and t?
2
Suppose 0 = -11*x + 57 + 108. Let d be (2 - 10)*(-30)/4. Calculate the highest common divisor of x and d.
15
Let y(p) = 3*p - 11. Let h be y(8). Let j = h - 9. Calculate the highest common divisor of j and 16.
4
Let x be (-48)/(-5)*20/6. Let z(w) = w**3 - 4*w**2 - 5. Let s be z(4). Let a be (6*-2)/(s/20). Calculate the greatest common factor of x and a.
16
Let z = 16 - 9. Let h = z + -1. Suppose 3*u + 3*i + i = 4, u - i - h = 0. Calculate the greatest common factor of u and 36.
4
Suppose 2*f - 145 = -3*f. Let w = f - 8. Calculate the highest common diviso